e
Is 125053 prime?
True
Is 809 prime?
True
Is 326497 a prime number?
True
Is 2305 a prime number?
False
Is 95171 composite?
True
Is 46439 composite?
False
Is 72421 a composite number?
False
Is 8467 a composite number?
False
Is 25073 composite?
False
Is 1788243 a prime number?
False
Is 56255 prime?
False
Is 96257 a prime number?
False
Is 9517 prime?
False
Is 5779 a composite number?
False
Is 7543 a prime number?
False
Is 493 a composite number?
True
Is 2321 a prime number?
False
Is 17606 composite?
True
Is 844939 a prime number?
False
Is 56249 composite?
False
Is 22469 a prime number?
True
Is 116341 prime?
True
Is 2126779 a composite number?
False
Is 3277 prime?
False
Is 222773 prime?
True
Is 15815 prime?
False
Is 5667 composite?
True
Is 3134 a composite number?
True
Is 23497 composite?
False
Is 180463 a prime number?
True
Is 937741 prime?
False
Is 54037 a prime number?
True
Is 14633 a prime number?
True
Is 636797 a prime number?
False
Is 18409 prime?
False
Is 590071 prime?
True
Is 39293 a composite number?
False
Is 144029 a prime number?
False
Is 17707 prime?
True
Is 215189 a prime number?
False
Is 263374 a composite number?
True
Is 3671 a composite number?
False
Is 1219 composite?
True
Is 328961 a prime number?
True
Is 36973 composite?
False
Is 110291 prime?
True
Is 1247 prime?
False
Is 6509 a composite number?
True
Is 2398529 composite?
True
Is 447253 a prime number?
False
Is 9103 prime?
True
Is 503 prime?
True
Is 379 composite?
False
Is 1639 a prime number?
False
Is 7891 composite?
True
Is 480191 composite?
True
Is 662809 composite?
True
Is 2419 a composite number?
True
Is 5779 a composite number?
False
Is 170981 a composite number?
True
Is 19031 composite?
False
Is 188459 prime?
True
Is 161717 a composite number?
False
Is 57185 a composite number?
True
Is 602669 a composite number?
True
Is 169529 composite?
True
Is 17707 prime?
True
Is 25537 composite?
False
Is 33457 a prime number?
True
Is 1441 a prime number?
False
Is 515714 a composite number?
True
Is 8581 composite?
False
Is 3647 composite?
True
Is 20441 prime?
True
Is 6559 prime?
False
Is 6029 prime?
True
Is 15079 composite?
True
Is 110119 a composite number?
False
Is 217199 a prime number?
True
Is 288829 prime?
False
Is 1733 a composite number?
False
Is 11755 a prime number?
False
Is 31481 composite?
False
Is 290821 a prime number?
True
Is 42589 a prime number?
True
Is 41707 composite?
True
Is 5153 composite?
False
Is 13641 a composite number?
True
Is 119489 a composite number?
False
Is 544213 composite?
True
Is 223903 composite?
False
Is 38413 a composite number?
True
Is 16661 prime?
True
Is 45161 a prime number?
True
Is 55201 a prime number?
True
Is 28961 a prime number?
True
Is 117463 a composite number?
True
Is 19802 composite?
True
Is 1967 prime?
False
Is 580871 a composite number?
False
Is 117847 prime?
False
Is 101861 a prime number?
False
Is 16361 a composite number?
False
Is 215 prime?
False
Is 20017 a composite number?
True
Is 10743 a prime number?
False
Is 1673 composite?
True
Is 31951 a composite number?
True
Is 44399 composite?
True
Is 30061 a composite number?
True
Is 233 prime?
True
Is 423443 a prime number?
False
Is 52063 prime?
False
Is 8941 prime?
True
Is 633067 a prime number?
True
Is 972611 composite?
False
Is 96469 prime?
True
Is 21467 a prime number?
True
Is 98633 a prime number?
False
Is 312829 a composite number?
True
Is 36601 a composite number?
True
Is 5069 a composite number?
True
Is 43097 a prime number?
False
Is 235159 prime?
True
Is 1084483 prime?
True
Is 59699 a prime number?
True
Is 9673 a prime number?
False
Is 3719 composite?
False
Is 33679 a prime number?
True
Is 544757 a composite number?
False
Is 8306 a composite number?
True
Is 14233 composite?
True
Is 798769 composite?
True
Is 233593 composite?
True
Is 17147 a prime number?
False
Is 396079 composite?
False
Is 36647 composite?
True
Is 89951 a composite number?
True
Is 29957 composite?
True
Is 37409 a composite number?
False
Is 9587 composite?
False
Is 382117 prime?
True
Is 35773 composite?
True
Is 65953 prime?
False
Is 983 a composite number?
False
Is 3659 composite?
False
Is 140333 a composite number?
False
Is 470497 a composite number?
True
Is 311671 prime?
False
Is 31781 a composite number?
True
Is 13487 a composite number?
False
Is 20987 a composite number?
True
Is 1477 composite?
True
Is 66683 a prime number?
True
Is 105097 prime?
True
Is 1777 a prime number?
True
Is 7369 prime?
True
Is 185711 a composite number?
False
Is 3035 composite?
True
Is 36827 a composite number?
True
Is 34721 a composite number?
False
Is 256007 a composite number?
True
Is 42213 prime?
False
Is 46559 a composite number?
False
Is 48833 a prime number?
False
Is 172367 prime?
False
Is 9901 a prime number?
True
Is 1829 composite?
True
Is 627433 a composite number?
False
Is 116183 a composite number?
True
Is 51449 a composite number?
False
Is 4909 a composite number?
False
Is 91753 a composite number?
False
Is 3158 a composite number?
True
Is 321595 a prime number?
False
Is 376463 composite?
False
Is 158419 a prime number?
True
Is 56233 prime?
False
Is 1850489 composite?
False
Is 293155 a prime number?
False
Is 1959 a prime number?
False
Is 329261 a composite number?
True
Is 257663 a prime number?
False
Is 2183 a prime number?
False
Is 54685 a composite number?
True
Is 57221 composite?
False
Is 19441 a prime number?
True
Is 145391 prime?
True
Is 826481 prime?
False
Is 10646 a composite number?
True
Is 1044763 a composite number?
True
Is 14489 a prime number?
True
Is 30991 composite?
True
Is 68771 a composite number?
False
Is 20671 a prime number?
False
Is 28429 composite?
False
Is 1426939 composite?
False
Is 388307 prime?
False
Is 136937 a prime number?
False
Is 11801 prime?
True
Is 91229 prime?
True
Is 3143 prime?
False
Is 1996549 a prime number?
True
Is 43777 a composite number?
False
Is 11287 composite?
False
Is 88453 a composite number?
True
Is 649561 composite?
True
Is 27381 a prime number?
False
Is 15073 a composite number?
False
Is 44351 prime?
True
Is 6943 prime?
False
Is 1996895 prime?
False
Is 140053 prime?
True
Is 206105 a prime number?
False
Is 159281 a prime number?
False
Is 674017 a composite number?
False
Is 48707 a prime number?
False
Is 53917 a composite number?
False
Is 190987 a composite number?
True
Is 2101 a prime number?
False
Is 9239 prime?
True
Is 23099 a composite number?
False
Is 430121 a prime number?
True
Is 2999 prime?
True
Is 44159 prime?
True
Is 47791 a composite number?
False
Is 1511 prime?
True
Is 2927 a prime number?
True
Is 57958 a prime number?
False
Is 2121631 a prime number?
True
Is 133253 composite?
False
Is 478307 a composite number?
True
Is 421691 a composite number?
False
Is 8707 composite?
False
Is 36377 composite?
True
Is 114547 a prime number?
True
Is 7747 composite?
True
Is 1400653 a composite number?
False
Is 7061 a prime number?
False
Is 5333 composite?
False
Is 31063 a composite number?
False
Is 18059 a prime number?
True
Is 952771 prime?
True
Is 627857 a prime number?
False
Is 1213 composite?
False
Is 47563 a prime number?
True
Is 56437 a composite number?
False
Is 637881 composite?
True
Is 1306685 a composite number?
True
Is 3941 a composite number?
True
Is 4562 a prime number?
False
Is 181537 prime?
True
Is 264527 a prime number?
True
Is 386513 prime?
False
Is 18217 a composite number?
False
Is 64949 composite?
True
Is 243047 prime?
False
Is 202 a prime number?
False
Is 28429 a composite number?
False
Is 167947 a composite number?
True
Is 10379 a composite number?
True
Is 16477 a prime number?
True
Is 477949 prime?
False
Is 886 a prime number?
False
Is 42589 prime?
True
Is 12683 prime?
False
Is 18671 a composite number?
False
Is 4783 a composite number?
False
Is 6902417 prime?
True
Is 189817 prime?
True
Is 443 composite?
False
Is 41807 a prime number?
False
Is 177739 prime?
True
Is 89867 composite?
False
Is 251917 a prime number?
True
Is 111763 a composite number?
True
Is 94361 composite?
True
Is 6022 prime?
False
Is 8069 prime?
True
Is 199667 composite?
True
Is 2759 a composite number?
True
Is 8267 a composite number?
True
Is 512089 a composite number?
True
Is 10007 prime?
True
Is 1681 a composite number?
True
Is 146449 composite?
False
Is 14485 a composite number?